{"id":145,"date":"2021-09-27T14:36:45","date_gmt":"2021-09-27T14:36:45","guid":{"rendered":"http:\/\/geovanahirata.com.br\/?page_id=145"},"modified":"2021-11-03T23:31:15","modified_gmt":"2021-11-03T23:31:15","slug":"elementor-145","status":"publish","type":"page","link":"https:\/\/geovanahirata.com.br\/","title":{"rendered":"Home"},"content":{"rendered":"<p><img decoding=\"async\" width=\"509\" height=\"95\" src=\"https:\/\/geovanahirata.com.br\/wp-content\/uploads\/2021\/09\/LOGO.png\" alt=\"\" loading=\"lazy\" srcset=\"https:\/\/geovanahirata.com.br\/wp-content\/uploads\/2021\/09\/LOGO.png 509w, https:\/\/geovanahirata.com.br\/wp-content\/uploads\/2021\/09\/LOGO-300x56.png 300w\" sizes=\"auto, (max-width: 509px) 100vw, 509px\" \/>\t\t\t\t\t\t\t\t\t\t\t\t\t\t\t<\/p>\n<h1>PEDIATRIA GERAL E PNEUMOLOGIA PEDI\u00e1TRICA<\/h1>\n<p>Especialista em pediatria, diagn\u00f3sticos, tratamento e preven\u00e7\u00e3o das doen\u00e7as respirat\u00f3rias que acometem <b>crian\u00e7as<\/b> e <strong>adolescentes<\/strong>.<\/p>\n<p>\t\t\t<a href=\"#sobre\" role=\"button\"><br \/>\n\t\t\t\t\t\tsaiba mais<br \/>\n\t\t\t\t\t<\/a><br \/>\n\t\t\t\t\t\t\t\t\t\t\t\t\t\t\t<img decoding=\"async\" width=\"330\" height=\"330\" src=\"https:\/\/geovanahirata.com.br\/wp-content\/uploads\/2021\/09\/circle-dots-over.png\" alt=\"\" loading=\"lazy\" srcset=\"https:\/\/geovanahirata.com.br\/wp-content\/uploads\/2021\/09\/circle-dots-over.png 330w, https:\/\/geovanahirata.com.br\/wp-content\/uploads\/2021\/09\/circle-dots-over-300x300.png 300w, https:\/\/geovanahirata.com.br\/wp-content\/uploads\/2021\/09\/circle-dots-over-100x100.png 100w, https:\/\/geovanahirata.com.br\/wp-content\/uploads\/2021\/09\/circle-dots-over-150x150.png 150w\" sizes=\"auto, (max-width: 330px) 100vw, 330px\" \/><br \/>\n\t\t\t\t\t\t\t\t\t\t\t\t\t\t\t<img decoding=\"async\" src=\"https:\/\/geovanahirata.com.br\/wp-content\/uploads\/elementor\/thumbs\/PHOTO-2021-09-22-17-23-49-1-pfe2c3nq1makd0cxzj4w3k4akphfjy4g9t548aj6w0.jpg\" title=\"PHOTO-2021-09-22-17-23-49\" alt=\"PHOTO-2021-09-22-17-23-49\" \/><br \/>\n\t\t\t\t\t\t\t\t\t\t\t\t\t\t\t<img decoding=\"async\" src=\"https:\/\/geovanahirata.com.br\/wp-content\/uploads\/elementor\/thumbs\/pexels-derek-finch-9551731-scaled-pffph5zbqj8qkbgex076l4zzfb673lxlw41qmcsh5c.jpg\" title=\"pexels-derek-finch-9551731\" alt=\"pexels-derek-finch-9551731\" \/>\t\t\t\t\t\t\t\t\t\t\t\t\t\t\t<\/p>\n<h3>Um pouco mais sobre<\/h3>\n<h2>dr\u00aa geovana<\/h2>\n<p>\t\t\t\t\t\t\t\t\t\t\t\t\t\t\t<img decoding=\"async\" width=\"426\" height=\"20\" src=\"https:\/\/geovanahirata.com.br\/wp-content\/uploads\/2021\/09\/underline.png\" alt=\"\" loading=\"lazy\" srcset=\"https:\/\/geovanahirata.com.br\/wp-content\/uploads\/2021\/09\/underline.png 426w, https:\/\/geovanahirata.com.br\/wp-content\/uploads\/2021\/09\/underline-300x14.png 300w\" sizes=\"auto, (max-width: 426px) 100vw, 426px\" \/>\t\t\t\t\t\t\t\t\t\t\t\t\t\t\t<\/p>\n<p>Muito prazer!<\/p>\n<p>Sou Geovana Neves Hirata, uma capixaba apaixonada pela terra da garoa, que chegou em terras paulistanaS em 2009 para fazer resid\u00eancia de pediatria no Hospital do servidor p\u00fablico municipal.<br \/>E seguiu o caminho fazendo Pneumologia pediatrica na santa casa de miseric\u00f3rdia de SP.<\/p>\n<p>Mas a minha hist\u00f3ria profissional come\u00e7ou em 2003 na Faculdade de medicina de Campos no RJ<\/p>\n<p>Hoje atuo no pronto socorro do hospital samaritano SP, Ambulat\u00f3rio de pneumologia pedi\u00e1trica do hospital maternidade s\u00e3o Crist\u00f3v\u00e3o, Ambulat\u00f3rio pneumologia pedi\u00e1trica do hospital servidor p\u00fablico municipal e\u00a0no meu consult\u00f3rio particular , onde fa\u00e7o puericultura, pediatria e pneumologia pedi\u00e1trica.<\/p>\n<p>\t\t\t<a href=\"https:\/\/geovanahirata.com.br\/index.php\/contato\/\" role=\"button\"><br \/>\n\t\t\t\t\t\tEntre em contato<br \/>\n\t\t\t\t\t<\/a><br \/>\n\t\t\t\t\t\t\t\t\t\t\t\t\t\t\t<img decoding=\"async\" width=\"414\" height=\"356\" src=\"https:\/\/geovanahirata.com.br\/wp-content\/uploads\/2021\/09\/over-circles-fade.png\" alt=\"\" loading=\"lazy\" srcset=\"https:\/\/geovanahirata.com.br\/wp-content\/uploads\/2021\/09\/over-circles-fade.png 414w, https:\/\/geovanahirata.com.br\/wp-content\/uploads\/2021\/09\/over-circles-fade-300x258.png 300w\" sizes=\"auto, (max-width: 414px) 100vw, 414px\" \/><br \/>\n\t\t\t\t\t\t\t\t\t\t\t\t\t\t\t<img decoding=\"async\" src=\"https:\/\/geovanahirata.com.br\/wp-content\/uploads\/elementor\/thumbs\/WhatsApp-Image-2021-09-24-at-3.52.33-PM-e1632837194182-pds660j7gn5m0rtr7biz9ogj9lc61mhj79888xmoes.jpeg\" title=\"WhatsApp Image 2021-09-24 at 3.52.33 PM\" alt=\"WhatsApp Image 2021-09-24 at 3.52.33 PM\" \/><br \/>\n\t\t\t\t\t\t\t\t\t\t\t\t\t\t\t<img decoding=\"async\" width=\"406\" height=\"381\" src=\"https:\/\/geovanahirata.com.br\/wp-content\/uploads\/2021\/09\/over-circle-lines.png\" alt=\"\" loading=\"lazy\" srcset=\"https:\/\/geovanahirata.com.br\/wp-content\/uploads\/2021\/09\/over-circle-lines.png 406w, https:\/\/geovanahirata.com.br\/wp-content\/uploads\/2021\/09\/over-circle-lines-300x282.png 300w\" sizes=\"auto, (max-width: 406px) 100vw, 406px\" \/>\t\t\t\t\t\t\t\t\t\t\t\t\t\t\t<\/p>\n<h3>minhas<\/h3>\n<h2>forma\u00e7\u00f5es acad\u00eamicas<\/h2>\n<p>\t\t\t\t\t\t\t\t\t\t\t\t\t\t\t<img decoding=\"async\" width=\"426\" height=\"20\" src=\"https:\/\/geovanahirata.com.br\/wp-content\/uploads\/2021\/09\/underline.png\" alt=\"\" loading=\"lazy\" srcset=\"https:\/\/geovanahirata.com.br\/wp-content\/uploads\/2021\/09\/underline.png 426w, https:\/\/geovanahirata.com.br\/wp-content\/uploads\/2021\/09\/underline-300x14.png 300w\" sizes=\"auto, (max-width: 426px) 100vw, 426px\" \/><br \/>\n\t\t\t\t\t\t\t\t\t\t\t\t\t\t\t<img decoding=\"async\" src=\"https:\/\/geovanahirata.com.br\/wp-content\/uploads\/elementor\/thumbs\/Sem-Titulo-1-pfhiaikbmn02gqgcmfn7fhfk5yta65lj4pi0ey2f8g.jpg\" title=\"Sem T\u00edtulo-1\" alt=\"Sem T\u00edtulo-1\" \/>\t\t\t\t\t\t\t\t\t\t\t\t\t\t\t<\/p>\n<h4>Medicina<\/h4>\n<p>\t\t\t\t\t\t\t\t\t\t\t\t\t\t\t<img decoding=\"async\" width=\"426\" height=\"20\" src=\"https:\/\/geovanahirata.com.br\/wp-content\/uploads\/2021\/09\/underline-yellow.png\" alt=\"\" loading=\"lazy\" srcset=\"https:\/\/geovanahirata.com.br\/wp-content\/uploads\/2021\/09\/underline-yellow.png 426w, https:\/\/geovanahirata.com.br\/wp-content\/uploads\/2021\/09\/underline-yellow-300x14.png 300w\" sizes=\"auto, (max-width: 426px) 100vw, 426px\" \/>\t\t\t\t\t\t\t\t\t\t\t\t\t\t\t<\/p>\n<p>Faculdade medicina de Campos<\/p>\n<p>\t\t\t\t\t\t\t\t\t\t\t\t\t\t\t<img decoding=\"async\" src=\"https:\/\/geovanahirata.com.br\/wp-content\/uploads\/elementor\/thumbs\/Sem-Titulo-1-2-pfhimcd7ml6yk39uk1p7azzd9iik11jxr90ytaj2xs.jpg\" title=\"Sem T\u00edtulo-1\" alt=\"Sem T\u00edtulo-1\" \/>\t\t\t\t\t\t\t\t\t\t\t\t\t\t\t<\/p>\n<h4>Pediatria<\/h4>\n<p>\t\t\t\t\t\t\t\t\t\t\t\t\t\t\t<img decoding=\"async\" width=\"426\" height=\"20\" src=\"https:\/\/geovanahirata.com.br\/wp-content\/uploads\/2021\/09\/underline-blue.png\" alt=\"\" loading=\"lazy\" srcset=\"https:\/\/geovanahirata.com.br\/wp-content\/uploads\/2021\/09\/underline-blue.png 426w, https:\/\/geovanahirata.com.br\/wp-content\/uploads\/2021\/09\/underline-blue-300x14.png 300w\" sizes=\"auto, (max-width: 426px) 100vw, 426px\" \/>\t\t\t\t\t\t\t\t\t\t\t\t\t\t\t<\/p>\n<p>Hospital servidor p\u00fablico municipal<\/p>\n<p>\t\t\t\t\t\t\t\t\t\t\t\t\t\t\t<img decoding=\"async\" src=\"https:\/\/geovanahirata.com.br\/wp-content\/uploads\/elementor\/thumbs\/Sem-Titulo-1-1-pfhiik2m3m0dsmrtnwsargdj4n6c0xiuwifk865600.jpg\" title=\"Sem T\u00edtulo-1\" alt=\"Sem T\u00edtulo-1\" \/>\t\t\t\t\t\t\t\t\t\t\t\t\t\t\t<\/p>\n<h4>Pneumologia<\/h4>\n<p>\t\t\t\t\t\t\t\t\t\t\t\t\t\t\t<img decoding=\"async\" width=\"426\" height=\"20\" src=\"https:\/\/geovanahirata.com.br\/wp-content\/uploads\/2021\/09\/underline-yellow.png\" alt=\"\" loading=\"lazy\" srcset=\"https:\/\/geovanahirata.com.br\/wp-content\/uploads\/2021\/09\/underline-yellow.png 426w, https:\/\/geovanahirata.com.br\/wp-content\/uploads\/2021\/09\/underline-yellow-300x14.png 300w\" sizes=\"auto, (max-width: 426px) 100vw, 426px\" \/>\t\t\t\t\t\t\t\t\t\t\t\t\t\t\t<\/p>\n<p>Santa Casa de S\u00e3o Paulo<\/p>\n<h3>principais<\/h3>\n<h2>Atendimentos<\/h2>\n<p>\t\t\t\t\t\t\t\t\t\t\t\t\t\t\t<img decoding=\"async\" width=\"426\" height=\"20\" src=\"https:\/\/geovanahirata.com.br\/wp-content\/uploads\/2021\/09\/underline.png\" alt=\"\" loading=\"lazy\" srcset=\"https:\/\/geovanahirata.com.br\/wp-content\/uploads\/2021\/09\/underline.png 426w, https:\/\/geovanahirata.com.br\/wp-content\/uploads\/2021\/09\/underline-300x14.png 300w\" sizes=\"auto, (max-width: 426px) 100vw, 426px\" \/>\t\t\t\t\t\t\t\t\t\t\t\t\t\t\t<\/p>\n<h3>\n\t\t\t\t\t\tPEDIATRIA GERAL<br \/>\n\t\t\t\t<\/h3>\n<h3>\n\t\t\t\t\t\tPNEUMOLOGIA PEDI\u00c1TRICA<br \/>\n\t\t\t\t<\/h3>\n<h3>\n\t\t\t\t\t\tCONSULTA PEDI\u00c1TRICA PR\u00c9 NATAL<br \/>\n\t\t\t\t<\/h3>\n<h3>\n\t\t\t\t\t\tORIENTA\u00c7\u00c3O de ALEITAMENTO MATERNO<br \/>\n\t\t\t\t<\/h3>\n<h3>Conhe\u00e7a nossa<\/h3>\n<h2>Estrutura<\/h2>\n<p>\t\t\t\t\t\t\t\t\t\t\t\t\t\t\t<img decoding=\"async\" width=\"426\" height=\"20\" src=\"https:\/\/geovanahirata.com.br\/wp-content\/uploads\/2021\/09\/underline.png\" alt=\"\" loading=\"lazy\" srcset=\"https:\/\/geovanahirata.com.br\/wp-content\/uploads\/2021\/09\/underline.png 426w, https:\/\/geovanahirata.com.br\/wp-content\/uploads\/2021\/09\/underline-300x14.png 300w\" sizes=\"auto, (max-width: 426px) 100vw, 426px\" \/><br \/>\n\t\t\t\t\t\t\t\t\t<a data-gallery-index=\"all\">Todas<\/a><br \/>\n\t\t\t\t\t\t\t\t\t<a data-gallery-index=\"0\">Consult\u00f3rio<\/a><br \/>\n\t\t\t\t\t\t\t\t\t\t<a data-gallery-index=\"1\">Sala de espera<\/a><br \/>\n\t\t\t\t\t\t\t<a data-e-gallery-tags=\"0\" href=\"https:\/\/geovanahirata.com.br\/wp-content\/uploads\/2021\/10\/PHOTO-2021-09-22-17-23-50.jpg\" data-elementor-open-lightbox=\"yes\" data-elementor-lightbox-slideshow=\"all-63bddb4\" data-elementor-lightbox-title=\"PHOTO-2021-09-22-17-23-50\"><br \/>\n\t\t\t\t\t\t\t\t\t\t\t\t\t\t<\/a><br \/>\n\t\t\t\t\t\t\t<a data-e-gallery-tags=\"0\" href=\"https:\/\/geovanahirata.com.br\/wp-content\/uploads\/2021\/10\/PHOTO-2021-09-22-17-23-49-e1635708300253.jpg\" data-elementor-open-lightbox=\"yes\" data-elementor-lightbox-slideshow=\"all-63bddb4\" data-elementor-lightbox-title=\"PHOTO-2021-09-22-17-23-49\"><br \/>\n\t\t\t\t\t\t\t\t\t\t\t\t\t\t<\/a><br \/>\n\t\t\t\t\t\t\t<a data-e-gallery-tags=\"1\" href=\"https:\/\/geovanahirata.com.br\/wp-content\/uploads\/2021\/10\/PHOTO-2021-09-22-17-23-50-1.jpg\" data-elementor-open-lightbox=\"yes\" data-elementor-lightbox-slideshow=\"all-63bddb4\" data-elementor-lightbox-title=\"PHOTO-2021-09-22-17-23-50 (1)\"><br \/>\n\t\t\t\t\t\t\t\t\t\t\t\t\t\t<\/a><\/p>\n<h3>Clientes<\/h3>\n<h2>Depoimentos<\/h2>\n<p>\t\t\t\t\t\t\t\t\t\t\t\t\t\t\t<img decoding=\"async\" width=\"426\" height=\"20\" src=\"https:\/\/geovanahirata.com.br\/wp-content\/uploads\/2021\/09\/underline-yellow.png\" alt=\"\" loading=\"lazy\" srcset=\"https:\/\/geovanahirata.com.br\/wp-content\/uploads\/2021\/09\/underline-yellow.png 426w, https:\/\/geovanahirata.com.br\/wp-content\/uploads\/2021\/09\/underline-yellow-300x14.png 300w\" sizes=\"auto, (max-width: 426px) 100vw, 426px\" \/><br \/>\n\t\t\t\t\t\tA melhor pediatra que j\u00e1 tive, demorou para encontrar e agora n\u00e3o largo mais. Confiamos nossos maiores tesouros nas m\u00e3os dela de olhos fechados.<br \/>\n\t\t\t\t\t\t\t\t<cite>TyccyaneCliente<\/cite><br \/>\n\t\t\t\t\t\tMelhor consulta que j\u00e1 fui com meus filhos. A Geovana \u00e9 extremamente atenciosa e explica tudo no detalhe.<br \/>\n\t\t\t\t\t\t\t\t<cite>RafaelCliente<\/cite><br \/>\n\t\t\t\t\t\tMaravilhosa!!! Profissional emp\u00e1tica, que entende as m\u00e3es. Cuida das crian\u00e7as com todo amor, carinho e dedica\u00e7\u00e3o.<br \/>\n\t\t\t\t\t\t\t\t<cite>Fl\u00e1viaCliente<\/cite><br \/>\n\t\t\t\t\t\t\t\t\t\t\t\t\t\tPrevious<br \/>\n\t\t\t\t\t\t\t\t\t\t\t\t\t\tNext<\/p>\n<h3>Social<\/h3>\n<h2>Instagram<\/h2>\n<p>\t\t\t\t\t\t\t\t\t\t\t\t\t\t\t<img decoding=\"async\" width=\"426\" height=\"20\" src=\"https:\/\/geovanahirata.com.br\/wp-content\/uploads\/2021\/09\/underline.png\" alt=\"\" loading=\"lazy\" srcset=\"https:\/\/geovanahirata.com.br\/wp-content\/uploads\/2021\/09\/underline.png 426w, https:\/\/geovanahirata.com.br\/wp-content\/uploads\/2021\/09\/underline-300x14.png 300w\" sizes=\"auto, (max-width: 426px) 100vw, 426px\" \/>\t\t\t\t\t\t\t\t\t\t\t\t\t\t\t<\/p>\n<h2>LOCALIZA\u00c7\u00c3O<\/h2>\n<p>Rua Doutor Veiga Filho, 350 &#8211; Conj. 606 &#8211; Santa Cec\u00edlia, S\u00e3o Paulo &#8211; CEP 01229-001<\/p>\n<p>\t\t\t<a href=\"https:\/\/geovanahirata.com.br\/index.php\/contato\/\" role=\"button\"><br \/>\n\t\t\t\t\t\tEntrar em contato<br \/>\n\t\t\t\t\t<\/a><br \/>\n\t\t\t<iframe frameborder=\"0\" scrolling=\"no\" marginheight=\"0\" marginwidth=\"0\"\n\t\t\t\t\tsrc=\"https:\/\/maps.google.com\/maps?q=Rua%20doutor%20veiga%20filho%20350&#038;t=m&#038;z=14&#038;output=embed&#038;iwloc=near\"\n\t\t\t\t\ttitle=\"Rua doutor veiga filho 350\"\n\t\t\t\t\taria-label=\"Rua doutor veiga filho 350\"\n\t\t\t><\/iframe><\/p>\n","protected":false},"excerpt":{"rendered":"<p>PEDIATRIA GERAL E PNEUMOLOGIA PEDI\u00e1TRICA Especialista em pediatria, diagn\u00f3sticos, tratamento e preven\u00e7\u00e3o das doen\u00e7as respirat\u00f3rias que acometem crian\u00e7as e adolescentes. saiba mais Um pouco mais sobre dr\u00aa geovana Muito prazer! Sou Geovana Neves Hirata, uma capixaba apaixonada pela terra da garoa, que chegou em terras paulistanaS em 2009 para fazer resid\u00eancia de pediatria no Hospital [&hellip;]<\/p>\n","protected":false},"author":1,"featured_media":0,"parent":0,"menu_order":0,"comment_status":"closed","ping_status":"closed","template":"elementor_header_footer","meta":{"footnotes":""},"class_list":["post-145","page","type-page","status-publish","hentry"],"_links":{"self":[{"href":"https:\/\/geovanahirata.com.br\/index.php\/wp-json\/wp\/v2\/pages\/145","targetHints":{"allow":["GET"]}}],"collection":[{"href":"https:\/\/geovanahirata.com.br\/index.php\/wp-json\/wp\/v2\/pages"}],"about":[{"href":"https:\/\/geovanahirata.com.br\/index.php\/wp-json\/wp\/v2\/types\/page"}],"author":[{"embeddable":true,"href":"https:\/\/geovanahirata.com.br\/index.php\/wp-json\/wp\/v2\/users\/1"}],"replies":[{"embeddable":true,"href":"https:\/\/geovanahirata.com.br\/index.php\/wp-json\/wp\/v2\/comments?post=145"}],"version-history":[{"count":248,"href":"https:\/\/geovanahirata.com.br\/index.php\/wp-json\/wp\/v2\/pages\/145\/revisions"}],"predecessor-version":[{"id":582,"href":"https:\/\/geovanahirata.com.br\/index.php\/wp-json\/wp\/v2\/pages\/145\/revisions\/582"}],"wp:attachment":[{"href":"https:\/\/geovanahirata.com.br\/index.php\/wp-json\/wp\/v2\/media?parent=145"}],"curies":[{"name":"wp","href":"https:\/\/api.w.org\/{rel}","templated":true}]}}